84 + 785. What are the prime factors of n?
7, 43
Suppose -4*g = -4*t + 40, -2 = 2*t + g - 34. Suppose -t = 2*s - 66. What are the prime factors of s?
2, 13
Let g(j) = j**2 - j - 9. Suppose 4*u + 5*u = 18. Suppose 3*k - 4*q = 3, -2*q = 5*k + u*q - 37. What are the prime factors of g(k)?
11
Suppose 105 + 42 = 3*l. Suppose k + 4*o = -0*k - 24, 1 = o. Let r = l + k. What are the prime factors of r?
3, 7
Let n = -4 - -8. Suppose -159 = -n*w + w. Let z = 74 - w. List the prime factors of z.
3, 7
Suppose 7*q + 14 = y + 3*q, -2*y = -5*q - 34. Let p be 1/(-7) - y/(-7). Suppose 76 + 5 = p*m. List the prime factors of m.
3
Let q = -15 - 0. What are the prime factors of (-1 + -6)/(q/60)?
2, 7
List the prime factors of 3830/8*(-10 - -23 - 5).
2, 5, 383
Suppose 21832 = 10*r - 20378. List the prime factors of r.
3, 7, 67
Let b(f) = f**3 + 1. Let k be b(2). Suppose -5*y + k = -2*y. Suppose 3*a = 5*u + 48 - 5, 0 = -y*u - 6. What are the prime factors of a?
11
Let s(y) = 33*y**2 + 32*y - 10. What are the prime factors of s(-10)?
2, 3, 5, 11
Let t(l) = -2*l**3 + l**2 - 22*l - 34. What are the prime factors of t(-10)?
2, 3, 127
Let g(m) = m + 1. Let p = 17 - 13. Let s be g(p). Suppose -8*h + 39 = -s*h. What are the prime factors of h?
13
Let n be 14/(-49) + (-6525)/21. Let j = n - -580. What are the prime factors of j?
269
Let f(q) = -57*q**3 + q**2 - 50*q - 148. What are the prime factors of f(-3)?
2, 5, 31
Let z = -3096 + 4979. List the prime factors of z.
7, 269
Let p(o) = 2*o**3 + 4*o**2 + o - 7. Let z be (-3)/(-3)*(2 - (1 - 2)). List the prime factors of p(z).
2, 43
Let r(b) = -b**3 - 2*b**2 - 5*b + 4. Let y be r(-5). Let o = 30 + -9. Suppose -25*n + o*n = -y. List the prime factors of n.
2, 13
Let k(a) = -64*a**3 + 10*a**2 - 6. List the prime factors of k(-3).
2, 3, 151
Let n = -55 + 79. Suppose 4*w = -0*w - 12. What are the prime factors of (-1)/w*0 + n?
2, 3
Let n be (6 - 4) + -2 + 5. Suppose 5*s = 3*b + 449 - 164, 0 = -n*s - 4*b + 250. What are the prime factors of s?
2, 3
Let k(o) = 9*o**2 + 22*o - 121. List the prime factors of k(13).
2, 3, 281
Suppose -2*a = -3*w + 1123, -3*w - 3*a = -0*a - 1098. List the prime factors of w.
7, 53
Let t(d) be the second derivative of d**4/12 - d**2 - 2*d. Let n be t(2). Suppose -n*p = -p - 39. What are the prime factors of p?
3, 13
Let x(v) = 2*v**3 - 8*v**2 - 2. What are the prime factors of x(7)?
2, 73
Suppose 5*g = 3*z + 2389, 0*g - 5*z + 1413 = 3*g. What are the prime factors of g?
2, 7, 17
Let f(n) = 138*n**2 - 20*n + 55. List the prime factors of f(-6).
37, 139
Let k = 28 + -15. Let w = k - 13. Suppose -2*d + d + 36 = w. What are the prime factors of d?
2, 3
Suppose -t = -3*t + 8*t. Let z(j) = j - 1. Let p be z(4). Suppose t = -5*h + 2*h - f + 27, 0 = 2*h - p*f - 18. List the prime factors of h.
3
Let s = 72 + -339. Let f be (-5)/20 - s/(-4). Let h = 117 + f. What are the prime factors of h?
2, 5
Let f be (54/(-21))/(3/(-322)). Suppose -c = 5*w + 2*c - f, 2*w + 4*c - 102 = 0. What are the prime factors of w?
3, 19
Suppose 2*k - 3*o + 35 = -6*o, 4*k + 55 = -3*o. What are the prime factors of 1*3/3 - k?
11
Let p(l) = -2*l**2 + 26*l + 5. Suppose -2*a + 7 + 5 = -4*k, 60 = 4*a + 4*k. What are the prime factors of p(a)?
29
Let f be (-2)/(6/(-13)) + (-14)/(-21). Suppose -3*z - 3*a = z - 724, -904 = -f*z - 4*a. What are the prime factors of z?
2, 23
Let v = -1096 - -2301. What are the prime factors of v?
5, 241
Let o(q) be the first derivative of 53*q**2/2 - 65*q + 41. List the prime factors of o(4).
3, 7
Let j = -5369 - -10522. List the prime factors of j.
5153
Suppose 0 = m - 9*y + 4*y + 41, 113 = -5*m + 2*y. Let v be (-804)/m + 2/(-7). Suppose -2*d + v = 6. List the prime factors of d.
2
Suppose -i = -2*v + 8018, 0 = -2*v - 143*i + 141*i + 8018. List the prime factors of v.
19, 211
Let f = -10 + 12. Suppose 2*m = -d - f*d + 124, 5*m = d - 47. What are the prime factors of 2/2*d/6?
7
Suppose 5*a - 10 = 5*s, -5*a - 3*s + 27 = 1. List the prime factors of (-1 - (-35)/a)/((-4)/(-16)).
31
Let z be (-2)/3 - ((-17)/3 + -1). Let t(r) = 9*r - 9. Let k(f) = -8*f + 9. Let o(a) = -5*k(a) - 4*t(a). List the prime factors of o(z).
3, 5
Let d = 378 + -176. List the prime factors of d.
2, 101
Let n = 1 + 3. Let q be (-2555)/10 + -1*5/10. What are the prime factors of (2/(-4))/(n/q)?
2
Let k(s) = 2*s - 7. Let z(r) = -r**2 - 7*r - 3. Let o be z(-6). Suppose -8 = -o*f + 7. List the prime factors of k(f).
3
Suppose -z + 7*z = -78. Let f = 16 - z. What are the prime factors of f?
29
Suppose 13*m = 8*m + 690. Let x = m - 66. What are the prime factors of x?
2, 3
Let t = -13 - -6. Let d(r) = r**3 + 7*r**2 + 3*r + 5. Let a be d(t). What are the prime factors of 230/4 + 24/a?
2, 7
Suppose -o = -5*o + 8. Suppose 0 = o*b - 6*b + 124. What are the prime factors of 0 - (3 - (-3 + b))?
5
Let w = -647 - -640. Let y(t) = 5*t**2 - 29*t - 30. Let s(h) = -3*h**2 + 19*h + 20. Let o(a) = 8*s(a) + 5*y(a). What are the prime factors of o(w)?
2, 5
Let x be (-2 + 1 + -2)/1. Let d be x*(22/(-6) - -2). Let r = 12 + d. List the prime factors of r.
17
Suppose -5*w = -2*z + 131 + 153, -124 = -z - 2*w. Let j = 651 + -649. Suppose j*x + x = z. What are the prime factors of x?
2, 11
Let s be -5*(24/10 + -2). Let c(v) = -13*v - 7. What are the prime factors of c(s)?
19
Let x be ((-18)/(-4))/((-12)/(-16)). Let q be (-4 + x)*22/(-4). Let t = q - -13. What are the prime factors of t?
2
Suppose 4 = -0*o + 2*o. Suppose x + o = 4*a + 4*x, 5*a - 6 = -2*x. Suppose 2*m = 4 + a. List the prime factors of m.
3
Let l be 0/(-2) - -2 - -1. Suppose 4*v - 92 = -2*g, -3*g + 140 = l*v - 13. Let t = 78 - g. What are the prime factors of t?
2, 11
Let z = 3151 - 2101. List the prime factors of z.
2, 3, 5, 7
Let p(w) = -w - 3. Let r be p(4). Let h be 7/((-49)/24)*r. Let k = 17 + h. What are the prime factors of k?
41
Suppose f = j + 2, j + 13 = 5*f - 3*j. Suppose 5*g + 1 = 6, 3*g = -f*r + 393. List the prime factors of r.
2, 3, 13
List the prime factors of (0 + (-15)/3 + 7)*23.
2, 23
What are the prime factors of (-14)/(-7) + 5 + 49*8?
3, 7, 19
List the prime factors of 29/29 + (815 - -1).
19, 43
Suppose 5*r - 21 = -11. Suppose -2*s - 4*g + 26 = -0*g, 2*g = -r*s + 32. List the prime factors of s.
19
What are the prime factors of (-3)/4*(-329 - 3)?
3, 83
Let i(p) = -p**3 + 16*p**2 - 14*p - 12. Let n be i(15). Suppose 4*v = 4*f + 8, v + n*f = 2*f + 6. What are the prime factors of 11/(-1 + v - 2)?
11
Let o = 11775 - 7148. What are the prime factors of o?
7, 661
Let y = 669 - 640. What are the prime factors of y?
29
Let p = -22 - -24. Suppose 4*s - 296 = 4*q, 3*s + 0*q = p*q + 222. List the prime factors of s.
2, 37
Let y be (-1)/3*(3 - 3). Suppose -16*n + 21*n - 265 = y. List the prime factors of n.
53
Suppose 69 = 2*x - h, 4*x + 3*h - 8 = 145. Suppose -30*q = -42*q + 300. Let u = x - q. List the prime factors of u.
11
Let o(w) = w**2 - 13*w + 24. Let c = 77 + -60. What are the prime factors of o(c)?
2, 23
Suppose 470*y + 156 = 472*y. What are the prime factors of y?
2, 3, 13
Let q(b) = b**2 + 2*b - 24. What are the prime factors of q(20)?
2, 13
Suppose -16*x = -30*x + 17654. List the prime factors of x.
13, 97
Let v(y) = y**2 - 2. Let z be v(-2). Let q be 4*(-4)/8 - -4. Suppose -z*o - q*c = -68, -3*o + 2*o = 4*c - 25. List the prime factors of o.
37
Let d = -173 - -312. Let a be d/(2/4*-2). Let p = -81 - a. What are the prime factors of p?
2, 29
Let f(d) = 4*d**2 + 6. Let t(q) = -3*q**2 - q - 5. Let l(y) = -4*f(y) - 5*t(y). Let x be l(5). What are the prime factors of ((27 - 2)/1)/x?
5
Suppose -4*k - 896 = 11*i - 13*i, 1335 = 3*i + 3*k. What are the prime factors of i?
2, 223
Let y(h) = -3*h + 45. Let w be y(14). Suppose 6*t - 42 = 4*t - j, -w*j = 4*t - 84. List the prime factors of t.
3, 7
Suppose -2*v + 2*s = -2, 3*v - 6*v + 13 = 2*s. Let h(x) = -x**3 + 2*x**2 - 3*x + 4. Let p be h(v). Let o = p + 24. List the prime factors of o.
2, 5
Let n(b) = -4*b**3 + 2*b**2 - 2*b. Suppose 4*s = -4*r - 12, 3*r + 5*s + 9 = -0*r. What are the prime factors of n(r)?
2, 3, 11
Let a = -12 - -13. Suppose -j + a = -8. Suppose 3*o - 3 = -j, -3*r + 8 = -o. What are the prime factors of r?
2
Let h(a) be the second derivative of -a**5/20 + 5*a**4/6 - a**3/6 + 2*a**2 - 47*a + 2. List the prime factors of h